{"id":10,"date":"2019-09-13T09:31:43","date_gmt":"2019-09-13T09:31:43","guid":{"rendered":"https:\/\/pax-friedensdienste.de\/wordpress_d\/?page_id=10"},"modified":"2025-09-03T12:15:20","modified_gmt":"2025-09-03T11:15:20","slug":"ueber-mich","status":"publish","type":"page","link":"https:\/\/pax-friedensdienste.de\/wordpress_d\/ueber-mich\/","title":{"rendered":"\u00fcber uns"},"content":{"rendered":"\n<div class=\"wp-block-media-text is-stacked-on-mobile\"><figure class=\"wp-block-media-text__media\"><img loading=\"lazy\" decoding=\"async\" width=\"571\" height=\"1024\" src=\"https:\/\/pax-friedensdienste.de\/wordpress_d\/wp-content\/uploads\/2025\/09\/Rahel-mit-pax-christi-Fahne_2-571x1024.jpg\" alt=\"\" class=\"wp-image-1642 size-full\" srcset=\"https:\/\/pax-friedensdienste.de\/wordpress_d\/wp-content\/uploads\/2025\/09\/Rahel-mit-pax-christi-Fahne_2-571x1024.jpg 571w, https:\/\/pax-friedensdienste.de\/wordpress_d\/wp-content\/uploads\/2025\/09\/Rahel-mit-pax-christi-Fahne_2-167x300.jpg 167w, https:\/\/pax-friedensdienste.de\/wordpress_d\/wp-content\/uploads\/2025\/09\/Rahel-mit-pax-christi-Fahne_2-768x1378.jpg 768w, https:\/\/pax-friedensdienste.de\/wordpress_d\/wp-content\/uploads\/2025\/09\/Rahel-mit-pax-christi-Fahne_2-856x1536.jpg 856w, https:\/\/pax-friedensdienste.de\/wordpress_d\/wp-content\/uploads\/2025\/09\/Rahel-mit-pax-christi-Fahne_2-1141x2048.jpg 1141w, https:\/\/pax-friedensdienste.de\/wordpress_d\/wp-content\/uploads\/2025\/09\/Rahel-mit-pax-christi-Fahne_2-scaled.jpg 1427w\" sizes=\"auto, (max-width: 571px) 100vw, 571px\" \/><\/figure><div class=\"wp-block-media-text__content\">\n<p>Hier erf\u00e4hrst du alles, was du \u00fcber die Organisation und die Menschen hinter den freiwilligen Friedensdiensten wissen musst.&nbsp;<\/p>\n\n\n\n<p>Wer wir sind, wof\u00fcr wir stehen und was uns wichtig ist.&nbsp;<\/p>\n\n\n\n<p>Wir freuen uns, wenn du Interesse hast mit uns einen freiwilligen Friedensdienst im Ausland zu machen! Bei Fragen kannst du dich gerne jederzeit an uns wenden!<\/p>\n<\/div><\/div>\n\n\n\n<p><\/p>\n","protected":false},"excerpt":{"rendered":"<p>Hier erf\u00e4hrst du alles, was du \u00fcber die Organisation und die Menschen hinter den freiwilligen Friedensdiensten wissen musst.&nbsp; Wer wir sind, wof\u00fcr wir stehen und was uns wichtig ist.&nbsp; Wir freuen uns, wenn du Interesse hast mit uns einen freiwilligen Friedensdienst im Ausland zu machen! Bei Fragen kannst du dich gerne jederzeit an uns wenden!<\/p>\n","protected":false},"author":1,"featured_media":0,"parent":0,"menu_order":0,"comment_status":"closed","ping_status":"closed","template":"","meta":{"ngg_post_thumbnail":0,"footnotes":""},"class_list":["post-10","page","type-page","status-publish","hentry"],"_links":{"self":[{"href":"https:\/\/pax-friedensdienste.de\/wordpress_d\/wp-json\/wp\/v2\/pages\/10","targetHints":{"allow":["GET"]}}],"collection":[{"href":"https:\/\/pax-friedensdienste.de\/wordpress_d\/wp-json\/wp\/v2\/pages"}],"about":[{"href":"https:\/\/pax-friedensdienste.de\/wordpress_d\/wp-json\/wp\/v2\/types\/page"}],"author":[{"embeddable":true,"href":"https:\/\/pax-friedensdienste.de\/wordpress_d\/wp-json\/wp\/v2\/users\/1"}],"replies":[{"embeddable":true,"href":"https:\/\/pax-friedensdienste.de\/wordpress_d\/wp-json\/wp\/v2\/comments?post=10"}],"version-history":[{"count":10,"href":"https:\/\/pax-friedensdienste.de\/wordpress_d\/wp-json\/wp\/v2\/pages\/10\/revisions"}],"predecessor-version":[{"id":1645,"href":"https:\/\/pax-friedensdienste.de\/wordpress_d\/wp-json\/wp\/v2\/pages\/10\/revisions\/1645"}],"wp:attachment":[{"href":"https:\/\/pax-friedensdienste.de\/wordpress_d\/wp-json\/wp\/v2\/media?parent=10"}],"curies":[{"name":"wp","href":"https:\/\/api.w.org\/{rel}","templated":true}]}}

über uns

<div class="wp-block-media-text is-stacked-on-mobile"><figure class="wp-block-media-text__media"><img loading="lazy" decoding="async" width="571" height="1024" src="https://pax-friedensdienste.de/wordpress_d/wp-content/uploads/2025/09/Rahel-mit-pax-christi-Fahne_2-571x1024.jpg" alt="" class="wp-image-1642 size-full" srcset="https://pax-friedensdienste.de/wordpress_d/wp-content/uploads/2025/09/Rahel-mit-pax-christi-Fahne_2-571x1024.jpg 571w, https://pax-friedensdienste.de/wordpress_d/wp-content/uploads/2025/09/Rahel-mit-pax-christi-Fahne_2-167x300.jpg 167w, https://pax-friedensdienste.de/wordpress_d/wp-content/uploads/2025/09/Rahel-mit-pax-christi-Fahne_2-768x1378.jpg 768w, https://pax-friedensdienste.de/wordpress_d/wp-content/uploads/2025/09/Rahel-mit-pax-christi-Fahne_2-856x1536.jpg 856w, https://pax-friedensdienste.de/wordpress_d/wp-content/uploads/2025/09/Rahel-mit-pax-christi-Fahne_2-1141x2048.jpg 1141w, https://pax-friedensdienste.de/wordpress_d/wp-content/uploads/2025/09/Rahel-mit-pax-christi-Fahne_2-scaled.jpg 1427w" sizes="auto, (max-width: 571px) 100vw, 571px" /></figure><div class="wp-block-media-text__content">
<p>Hier erfährst du alles, was du über die Organisation und die Menschen hinter den freiwilligen Friedensdiensten wissen musst.&nbsp;</p>



<p>Wer wir sind, wofür wir stehen und was uns wichtig ist.&nbsp;</p>



<p>Wir freuen uns, wenn du Interesse hast mit uns einen freiwilligen Friedensdienst im Ausland zu machen! Bei Fragen kannst du dich gerne jederzeit an uns wenden!</p>
</div></div>



<p></p>

<p>Hier erfährst du alles, was du über die Organisation und die Menschen hinter den freiwilligen Friedensdiensten wissen musst.&nbsp; Wer wir sind, wofür wir stehen und was uns wichtig ist.&nbsp; Wir freuen uns, wenn du Interesse hast mit uns einen freiwilligen Friedensdienst im Ausland zu machen! Bei Fragen kannst du dich gerne jederzeit an uns wenden!</p>
