{"id":119,"date":"2019-09-15T07:29:17","date_gmt":"2019-09-15T06:29:17","guid":{"rendered":"https:\/\/pax-friedensdienste.de\/wordpress_d\/?page_id=119"},"modified":"2025-09-04T11:42:24","modified_gmt":"2025-09-04T10:42:24","slug":"internationale-jugendbildungsstaette-in-krzyzowa","status":"publish","type":"page","link":"https:\/\/pax-friedensdienste.de\/wordpress_d\/internationale-jugendbildungsstaette-in-krzyzowa\/","title":{"rendered":"Internationale Jugendbildungsst\u00e4tte in Krzy\u017cowa"},"content":{"rendered":"\nngg_shortcode_0_placeholder\n\n\n\n<figure class=\"wp-block-table is-style-stripes\"><table><tbody><tr><td><strong>Gastland<\/strong>&nbsp;&nbsp;&nbsp;&nbsp;&nbsp; &nbsp; <br>Polen<\/td><td><strong>T\u00e4tigkeitsfeld<\/strong>&nbsp;&nbsp;&nbsp;&nbsp;&nbsp; &nbsp; <br>Kinder- und Jugendarbeit<br>Historische Arbeit<\/td><td><strong>Landessprache<\/strong>&nbsp;&nbsp;&nbsp;&nbsp;&nbsp; &nbsp; <br>polnisch<\/td><td class=\"has-text-align-left\" data-align=\"left\"><br><strong><mark style=\"background-color:rgba(0, 0, 0, 0);color:#00ff00\" class=\"has-inline-color\">f\u00fcr 2025\/26 1x frei<\/mark><\/strong><br><strong><mark style=\"background-color:rgba(0, 0, 0, 0);color:#00ff00\" class=\"has-inline-color\">f\u00fcr 2026\/27 2x frei<\/mark><\/strong><\/td><\/tr><\/tbody><\/table><\/figure>\n\n\n\n<p>In diesem Projekt bieten wir gleich zwei identisch aufgebaute Stellen an. In Kreisau\/Krzy\u017cowa existiert auf historischem Boden eine der gr\u00f6\u00dften internationalen Jugendbegegnungsst\u00e4tte Polens. Die Widerstandsgruppe \u201eKreisauer Kreis\u201c kam w\u00e4hrend des Nationalsozialismus drei Mal zu geheimen Treffen im Kreisauer Berghaus zusammen. Au\u00dferdem fand hier die deutsch-polnische Vers\u00f6hnungsmesse statt.<\/p>\n\n\n\n<p>Heute beherbergt das ehemalige Gutsgel\u00e4nde der Adelsfamilie von Moltke eine Bildungsst\u00e4tte mit insgesamt 200 Betten f\u00fcr Besucher*innen aus ganz Europa. Sie ist Wohn- und Arbeitsort f\u00fcr die Freiwilligen.&nbsp;Du wohnst mit Praktikant*innen und Freiwilligen aus verschiedenen L\u00e4ndern (Deutschland, \u00d6sterreich, Ukraine, T\u00fcrkei, \u2026) in der direkten Umgebung der Stiftung zusammen. Du bist Teil des p\u00e4dagogischen Teams der Bildungsst\u00e4tte und \u00fcbernimmst historische F\u00fchrungen. Es erwartet dich eine professionelle Einsatzstelle, Koordinator*innen und P\u00e4dagog*innen, die dir f\u00fcr jeden Bereich als Ansprechpartner*innen zur Seite stehen, sodass auch bei eventuellen Schwierigkeiten schnell und gut reagiert werden kann. Du wirst zur \u201ejungen deutschen Stimme\u201c im Projekt und bist so auch selbst Ansprechpartner*in f\u00fcr Sch\u00fcler*innen.<\/p>\n\n\n\n<p>Als Freiwillige*r unterst\u00fctzt du die hauptamtlichen Mitarbeiter*innen in der p\u00e4dagogischen Abteilung der Jugendbegegnungsst\u00e4tte. Gemeinsam begleitet ihr vier- bis siebent\u00e4gige deutsch-polnische und multinationale Begegnungen zwischen Schulklassen und Jugendgruppen. Dabei \u00fcbernimmst du die Anleitung und Unterst\u00fctzung von Spielen, Rallyes, kleineren Workshops und \u00c4hnlichem.<\/p>\n\n\n\n<p>Du vermittelst bei historischen F\u00fchrungen (auf Deutsch oder bei gutem Sprachniveau auf Englisch oder Polnisch) die Geschichte des Ortes und f\u00fchrst B\u00fcroarbeiten aus. Die Arbeit ist stark Saison-abh\u00e4ngig, da im Winter naturgem\u00e4\u00df weniger Besuchergruppen vor Ort sind. Daf\u00fcr gibt es ab dem Fr\u00fchjahr wieder viel zu tun &#8211; unter Anderem mit Projekten, wie dem Musikfestival <em>Krzy\u017cowa-Music<\/em>.<\/p>\n\n\n\n<p>Genauere Beschreibung der T\u00e4tigkeiten und der Stelle findest du <a href=\"https:\/\/www.krzyzowa.pl\/de\/dzialalnosc-2\/mdsm-2\/wolontariat-mdsm-2\" data-type=\"link\" data-id=\"https:\/\/www.krzyzowa.pl\/de\/dzialalnosc-2\/mdsm-2\/wolontariat-mdsm-2\">hier<\/a>.<\/p>\n\n\n\n<p><strong>Die Region<\/strong><\/p>\n\n\n\n<p>W\u00e4hrend Krzy\u017cowa\/Kreisau ein kleines Dorf zu F\u00fc\u00dfen des Eulengebirges mit nur 200 Einwohnern ist, liegen die Stadt \u015awidnica nur 8 km und die Stadt Wroc\u0142aw (Breslau) eineinhalb Stunden mit dem Zug entfernt.<\/p>\n\n\n\n<p>Du wohnst auf dem malerischen Gutsgel\u00e4nde in einer Wohngemeinschaft \u00fcber einem Kindergarten.<\/p>\n\n\n\n<p><strong>Du solltest mitbringen<\/strong><\/p>\n\n\n\n<ul class=\"wp-block-list\">\n<li>Interesse an deutsch-polnischer Geschichte und aktueller europ\u00e4ischer Politik<\/li>\n\n\n\n<li>p\u00e4dagogische Vorerfahrung oder Lust an der Arbeit mit Jugendgruppen und Schulklassen<\/li>\n\n\n\n<li>Spa\u00df und Interesse historische F\u00fchrungen durchzuf\u00fchren<\/li>\n\n\n\n<li>gerne Erfahrung in der Jugendarbeit<\/li>\n\n\n\n<li>Offenheit, sich auf wechselnde Gruppen einzustellen<\/li>\n\n\n\n<li>Flexibilit\u00e4t in Bezug auf die Arbeitszeiten<\/li>\n\n\n\n<li>Bereitschaft zum Wohnen auf dem Land<\/li>\n\n\n\n<li>Ausdauer f\u00fcr die ruhigere kalte Jahreszeit<\/li>\n<\/ul>\n\n\n\n<p>Die Stelle bietet die M\u00f6glichkeit, den Fokus der Arbeit entsprechend der oben genannten Themen anzupassen.<\/p>\n\n\n\n<p>Die Besetzung dieser Stelle steht unter dem Vorbehalt der Fortsetzung der F\u00f6rdermittelbewilligung durch den Europ\u00e4ischen Solidarit\u00e4tskorps.<\/p>\n\n\n\n<p>Hast du Lust einen Freiwilligendienst in der internationalen Jugendbildungsst\u00e4tte Kreisau zu machen?&nbsp;<a href=\"https:\/\/pax-friedensdienste.de\/wordpress_d\/?page_id=15\">Hier<\/a> findest du alle Infos zur Bewerbung.&nbsp;<\/p>\n\n\n\n<p>Wenn du noch mehr \u00fcber das Leben in Polen erfahren m\u00f6chtest, kommst du&nbsp;<a href=\"https:\/\/pax-friedensdienste.de\/wordpress_d\/?p=337\">hier<\/a> zu den Erfahrungsberichten von ehemaligen Freiwilligen.&nbsp;<\/p>\n","protected":false},"excerpt":{"rendered":"<p>Gastland&nbsp;&nbsp;&nbsp;&nbsp;&nbsp; &nbsp; Polen T\u00e4tigkeitsfeld&nbsp;&nbsp;&nbsp;&nbsp;&nbsp; &nbsp; Kinder- und JugendarbeitHistorische Arbeit Landessprache&nbsp;&nbsp;&nbsp;&nbsp;&nbsp; &nbsp; polnisch f\u00fcr 2025\/26 1x freif\u00fcr 2026\/27 2x frei In diesem Projekt bieten wir gleich zwei identisch aufgebaute Stellen an. In Kreisau\/Krzy\u017cowa existiert auf historischem Boden eine der gr\u00f6\u00dften internationalen Jugendbegegnungsst\u00e4tte Polens. Die Widerstandsgruppe \u201eKreisauer Kreis\u201c kam w\u00e4hrend des Nationalsozialismus drei Mal zu geheimen Treffen&hellip;<\/p>\n","protected":false},"author":1,"featured_media":0,"parent":0,"menu_order":0,"comment_status":"closed","ping_status":"closed","template":"","meta":{"ngg_post_thumbnail":0,"footnotes":""},"class_list":["post-119","page","type-page","status-publish","hentry"],"_links":{"self":[{"href":"https:\/\/pax-friedensdienste.de\/wordpress_d\/wp-json\/wp\/v2\/pages\/119","targetHints":{"allow":["GET"]}}],"collection":[{"href":"https:\/\/pax-friedensdienste.de\/wordpress_d\/wp-json\/wp\/v2\/pages"}],"about":[{"href":"https:\/\/pax-friedensdienste.de\/wordpress_d\/wp-json\/wp\/v2\/types\/page"}],"author":[{"embeddable":true,"href":"https:\/\/pax-friedensdienste.de\/wordpress_d\/wp-json\/wp\/v2\/users\/1"}],"replies":[{"embeddable":true,"href":"https:\/\/pax-friedensdienste.de\/wordpress_d\/wp-json\/wp\/v2\/comments?post=119"}],"version-history":[{"count":34,"href":"https:\/\/pax-friedensdienste.de\/wordpress_d\/wp-json\/wp\/v2\/pages\/119\/revisions"}],"predecessor-version":[{"id":1673,"href":"https:\/\/pax-friedensdienste.de\/wordpress_d\/wp-json\/wp\/v2\/pages\/119\/revisions\/1673"}],"wp:attachment":[{"href":"https:\/\/pax-friedensdienste.de\/wordpress_d\/wp-json\/wp\/v2\/media?parent=119"}],"curies":[{"name":"wp","href":"https:\/\/api.w.org\/{rel}","templated":true}]}}