{"id":143,"date":"2019-09-16T18:24:52","date_gmt":"2019-09-16T17:24:52","guid":{"rendered":"https:\/\/pax-friedensdienste.de\/wordpress_d\/?page_id=143"},"modified":"2025-09-12T13:29:00","modified_gmt":"2025-09-12T12:29:00","slug":"tiempos-violentos-costa-rica","status":"publish","type":"page","link":"https:\/\/pax-friedensdienste.de\/wordpress_d\/tiempos-violentos-costa-rica\/","title":{"rendered":"Friedensdienst in Costa Rica"},"content":{"rendered":"\nngg_shortcode_0_placeholder\n\n\n\n<figure class=\"wp-block-table is-style-stripes\"><table><tbody><tr><td><strong>Gastland<\/strong><\/td><td><strong>T\u00e4tigkeitsfeld<\/strong><\/td><td><strong>Landessprache<\/strong><\/td><td><\/td><\/tr><tr><td>Costa Rica<\/td><td>Kinder- und Jugendarbeit<\/td><td>Spanisch<\/td><td><strong><mark style=\"background-color:rgba(0, 0, 0, 0)\" class=\"has-inline-color has-vivid-red-color\">f\u00fcr 2025\/26 besetzt<\/mark><\/strong><br><strong><span class=\"tadv-color\" style=\"color:#00d084\"><mark style=\"background-color:rgba(0, 0, 0, 0);color:#00ff00\" class=\"has-inline-color\">f\u00fcr 2026\/27 2x frei<\/mark><\/span><\/strong><\/td><\/tr><\/tbody><\/table><\/figure>\n\n\n\n<h3 class=\"wp-block-heading\" id=\"friedensdienst-bei-ades-in-guayaquil\">Friedensdienst in der Stiftung Transformaci\u00f3n en Tiempos Violentos<\/h3>\n\n\n\n<p>In diesem noch neuen Projekt bieten wir gleich zwei identisch aufgebaute Stellen an. In San Jose, Costa Rica, arbeitest du in der Fundaci\u00f3n Transformaci\u00f3n en Tiempos Violentos, einer Costa-Ricanischen NGO, die seit \u00fcber zehn Jahren im Land t\u00e4tig ist.<\/p>\n\n\n\n<p>Die Stiftung setzt sich durch die Verbreitung von positiven k\u00fcnstlerischen Botschaften f\u00fcr den Wandel, die Abr\u00fcstung und den Frieden von Costa Rica und der Welt ein, um einen gerechteren, solidarischen und friedlicheren Planeten zu erreichen.<\/p>\n\n\n\n<p>Zu den Aufgaben der Stiftung z\u00e4hlen:<\/p>\n\n\n\n<ul class=\"wp-block-list\">\n<li>Umwandlung von beschlagnahmten Waffen zu Kunstgegenst\u00e4nden und Gem\u00e4lden, die als Inspiration die Menschenrechte und den Frieden haben (Projekt Arte X Armas, \u201eKunst durch Waffen\u201c).<\/li>\n\n\n\n<li>Durchf\u00fchrung von kunstp\u00e4dagogischen Aktivit\u00e4ten in Jugendstrafanstalten, mit Indigenen, sozialen Randgruppen sowie Bildungseinrichtungen.<\/li>\n\n\n\n<li>Workshops in Bildungseinrichtungen, um das Bewusstsein zu sch\u00e4rfen und zu fordern, die Milit\u00e4rausgaben in Mittelamerika zu reduzieren und diese Mittel in Bildung, Kultur und Gesundheit zu investieren.<\/li>\n<\/ul>\n\n\n\n<p>Die Stiftung organisiert au\u00dferdem das Festival \u201eKunst f\u00fcr den Wandel\u201c (Art for Change). Durch das Festival will die Stiftung ein Zeichen f\u00fcr Frieden, Hoffnung und Positivismus f\u00fcr die Menschheit setzen und der Friedensbewegung gedenken und sie unterst\u00fctzen.<\/p>\n\n\n\n<p>Als Freiwillige*r wirst du schwerpunktm\u00e4\u00dfig an der Planung und Durchf\u00fchrung der Schulworkshops sowie an den kunstp\u00e4dagogischen Aktivit\u00e4ten (Erstellung von Wandbildern u.a.) in Jugendstrafanstalten und mit der indigenen Bev\u00f6lkerung beteiligt sein.<\/p>\n\n\n\n<p><strong>Du solltest mitbringen<\/strong><\/p>\n\n\n\n<ul class=\"wp-block-list\">\n<li>Interesse an der Arbeit mit Kindern, Jugendlichen, marginalisierten Gruppen und indiginer Bev\u00f6lkerungen<\/li>\n\n\n\n<li>K\u00fcnstlerische Kreativit\u00e4t<\/li>\n\n\n\n<li>Anpassungsf\u00e4higkeit an fremde Kulturen<\/li>\n\n\n\n<li>F\u00e4higkeit zur Teamarbeit<\/li>\n\n\n\n<li>Verantwortungsbewusstsein<\/li>\n\n\n\n<li>Grundkenntnisse der spanischen Sprache bzw. Bereitschaft, diese vor der Ausreise zu erwerben (im Land gibt es einen Erg\u00e4nzungskurs)<\/li>\n<\/ul>\n\n\n\n<h3 class=\"wp-block-heading\" id=\"land-und-leute\">Land und Leute<\/h3>\n\n\n\n<p>Costa Rica ist ein Land im Mittelamerika mit einer einzigartigen Landschaft, die durch inaktive Vulkane und Nationalparks mit beeindruckenden Pflanzen gepr\u00e4gt ist. In einer Zeit, in der in vielen L\u00e4ndern Mittelamerikas Milit\u00e4rdiktaturen die Macht ergriffen, entschied sich Costa Rica, seine Armee abzuschaffen, um die Demokratie zu bewahren.<\/p>\n\n\n\n<p>Das Land ist reich an erneuerbaren Energien und aufgrund des bescheidenen Wohlstands der Bev\u00f6lkerung eines der nachhaltigsten L\u00e4nder der Welt. Laut Umfragen z\u00e4hlen die Costa-Ricaner*innen zu den gl\u00fccklichsten Menschen der Welt.<\/p>\n\n\n\n<h3 class=\"wp-block-heading\" id=\"tatigkeit-partnerorganisation\">T\u00e4tigkeit Partnerorganisation<\/h3>\n\n\n\n<p>Auf den <a href=\"https:\/\/www.facebook.com\/tiemposviolentoscostarica\/about_details?locale=es_LA\" target=\"_blank\" rel=\"noreferrer noopener\">facebook<\/a>-Account erf\u00e4hrst du noch mehr \u00fcber die Arbeit der Stiftung.<\/p>\n\n\n\n<h3 class=\"wp-block-heading\" id=\"warum-ein-friedensdienst-in-guayaquil-wichtig-ist\">Warum ein Friedensdienst in Costa Rica wichtig ist:<\/h3>\n\n\n\n<p>Trotz der pazifistischen Tradition kommt es auch in Costa Rica zu Gewalttaten. Es gibt Menschen, die Waffen besitzen und diese auch benutzen, z.B. um Straftaten zu begehen.<\/p>\n\n\n\n<p>Ein Friedensdienst in Costa Rica ist in zweifacher Hinsicht spannend: ein Land ohne Armee in einer sehr konfliktreichen Region wie Mittelamerika zeigt, dass es m\u00f6glich ist, seine Unabh\u00e4ngigkeit auch ohne Waffen zu bewahren. Insofern ist dieser Friedensdienst ein Lerndienst, der auch die friedenspolitische Arbeit sp\u00e4ter in Deutschland bereichern kann.<\/p>\n\n\n\n<p>Zum anderen kannst du bei der Fundaci\u00f3n Transformaci\u00f3n en Tiempos Violentos erleben, wie auf kreative Weise eine bewusstseinsbildende Arbeit und Erziehung zur Gewaltfreiheit funktionieren kann.<\/p>\n\n\n\n<hr class=\"wp-block-separator has-css-opacity\"\/>\n\n\n\n<p>Die Besetzung dieser Stelle steht unter dem Vorbehalt der Fortsetzung der F\u00f6rdermittelbewilligung durch das \u201eweltw\u00e4rts\u201c Programm des Bundesministeriums f\u00fcr wirtschaftliche Zusammenarbeit und Entwicklung (BMZ).<\/p>\n\n\n\n<p>Hast du Lust einen Freiwilligendienst bei der Fundaci\u00f3n Transformaci\u00f3n en Tiempos Violentos zu machen?&nbsp;<\/p>\n\n\n\n<p><a href=\"https:\/\/pax-friedensdienste.de\/wordpress_d\/?page_id=15\">Hier<\/a> findest du alle Infos zur Bewerbung.<\/p>\n","protected":false},"excerpt":{"rendered":"<p>Gastland T\u00e4tigkeitsfeld Landessprache Costa Rica Kinder- und Jugendarbeit Spanisch f\u00fcr 2025\/26 besetztf\u00fcr 2026\/27 2x frei Friedensdienst in der Stiftung Transformaci\u00f3n en Tiempos Violentos In diesem noch neuen Projekt bieten wir gleich zwei identisch aufgebaute Stellen an. In San Jose, Costa Rica, arbeitest du in der Fundaci\u00f3n Transformaci\u00f3n en Tiempos Violentos, einer Costa-Ricanischen NGO, die seit&hellip;<\/p>\n","protected":false},"author":1,"featured_media":0,"parent":0,"menu_order":0,"comment_status":"closed","ping_status":"closed","template":"","meta":{"ngg_post_thumbnail":0,"footnotes":""},"class_list":["post-143","page","type-page","status-publish","hentry"],"_links":{"self":[{"href":"https:\/\/pax-friedensdienste.de\/wordpress_d\/wp-json\/wp\/v2\/pages\/143","targetHints":{"allow":["GET"]}}],"collection":[{"href":"https:\/\/pax-friedensdienste.de\/wordpress_d\/wp-json\/wp\/v2\/pages"}],"about":[{"href":"https:\/\/pax-friedensdienste.de\/wordpress_d\/wp-json\/wp\/v2\/types\/page"}],"author":[{"embeddable":true,"href":"https:\/\/pax-friedensdienste.de\/wordpress_d\/wp-json\/wp\/v2\/users\/1"}],"replies":[{"embeddable":true,"href":"https:\/\/pax-friedensdienste.de\/wordpress_d\/wp-json\/wp\/v2\/comments?post=143"}],"version-history":[{"count":41,"href":"https:\/\/pax-friedensdienste.de\/wordpress_d\/wp-json\/wp\/v2\/pages\/143\/revisions"}],"predecessor-version":[{"id":1738,"href":"https:\/\/pax-friedensdienste.de\/wordpress_d\/wp-json\/wp\/v2\/pages\/143\/revisions\/1738"}],"wp:attachment":[{"href":"https:\/\/pax-friedensdienste.de\/wordpress_d\/wp-json\/wp\/v2\/media?parent=143"}],"curies":[{"name":"wp","href":"https:\/\/api.w.org\/{rel}","templated":true}]}}