{"id":1449,"date":"2024-02-20T15:02:53","date_gmt":"2024-02-20T14:02:53","guid":{"rendered":"https:\/\/pax-friedensdienste.de\/wordpress_d\/?page_id=1449"},"modified":"2025-08-12T08:33:51","modified_gmt":"2025-08-12T07:33:51","slug":"polites-in-stettin","status":"publish","type":"page","link":"https:\/\/pax-friedensdienste.de\/wordpress_d\/polites-in-stettin\/","title":{"rendered":"Polites in Stettin"},"content":{"rendered":"\nngg_shortcode_0_placeholder\n\n\n\n<figure class=\"wp-block-table is-style-stripes\"><table class=\"has-black-color has-text-color has-link-color\"><tbody><tr><td><strong>Gastland<\/strong>&nbsp;&nbsp;&nbsp;&nbsp;&nbsp;&nbsp; <br>Polen<\/td><td><strong>T\u00e4tigkeitsfeld<\/strong>&nbsp;&nbsp;&nbsp;&nbsp;&nbsp;&nbsp; <br>Kinder- und Jugendarbeit<\/td><td><strong>Landessprache<\/strong>&nbsp;&nbsp;&nbsp;&nbsp;&nbsp;&nbsp; <br>Polnisch<\/td><td><mark style=\"background-color:rgba(0, 0, 0, 0)\" class=\"has-inline-color has-vivid-red-color\"><strong><span class=\"tadv-color\" style=\"color:#cf2e2e\">f\u00fcr 2025\/26 <\/span>besetzt<\/strong><\/mark><br><strong><span class=\"tadv-color\" style=\"color:#cf2e2e\"><strong><mark style=\"background-color:rgba(0, 0, 0, 0);color:#02f405\" class=\"has-inline-color\">f\u00fcr 2026\/27 frei<\/mark><\/strong><\/span><\/strong><\/td><\/tr><\/tbody><\/table><\/figure>\n\n\n\n<p><\/p>\n\n\n\n<p>In dieser Einsatzstelle unterst\u00fctzt du die Arbeit des Vereins Polites in Stettin (polnisch: Szczecin).<\/p>\n\n\n\n<p>Die Einsatzm\u00f6glichkeiten umfassen besonders die Arbeit in den Kinderg\u00e4rten von Polites. In diesen werden Betreuungsm\u00f6glichkeiten f\u00fcr Kinder und Jugendliche angeboten. Dabei kannst du dich je nach deinen Interessen und F\u00e4higkeiten einbringen. M\u00f6glichkeiten gibt es genug: Spazierg\u00e4nge, Ausfl\u00fcge, Sprachspiele, Computerkurse, Basteln und Handwerkliches, Kochen \u2013 was immer dir besonders liegt.<\/p>\n\n\n\n<p>Au\u00dferdem gibt es die M\u00f6glichkeit dich im B\u00fcro von Polites einzubringen und die Arbeit des Vereins zu unterst\u00fctzen. Mit Projekten, Veranstaltungen st\u00e4rkst du hierbei die lokale Gesellschaft.<\/p>\n\n\n\n<p>Aufgrund seiner Grenzlage zu Deutschland bieten sich in Stettin eventuell auch M\u00f6glichkeiten f\u00fcr grenz\u00fcberschreitende Projekte und Ausfl\u00fcge an.<\/p>\n\n\n\n<p>M\u00f6chtest du mehr \u00fcber die Projekte und unsere Partner in Stettin erfahren, dann schaue dich auf ihrer <a href=\"https:\/\/esc.polites.org.pl\/activeeurope\/\" data-type=\"link\" data-id=\"https:\/\/esc.polites.org.pl\/activeeurope\/\">Homepage<\/a> um.<\/p>\n\n\n\n<h2 class=\"wp-block-heading\">Die Region<\/h2>\n\n\n\n<p>Stettin ist mit etwa 400.000 Einwohnern eine gro\u00dfe Studentenstadt in Polen, die Hauptstadt der Woiwodschaft Westpommern und liegt an der Oder. Im Zweiten Weltkrieg erlitt die Altstadt erhebliche Zerst\u00f6rungen und wurde zum Teil danach wiederaufgebaut. Heute ist sie eine pulsierende Stadt, die vielf\u00e4ltige Freizeitm\u00f6glichkeiten anbietet. Stettin liegt in der N\u00e4he der Ostsee und bietet in der Umgebung sch\u00f6ne Natur und interessante Landschaften.<\/p>\n\n\n\n<h2 class=\"wp-block-heading\">Du solltest mitbringen<\/h2>\n\n\n\n<ul class=\"wp-block-list\">\n<li>Interesse an einer sozialen T\u00e4tigkeit<\/li>\n\n\n\n<li>Eigeninitiative und kreative Ideen<\/li>\n\n\n\n<li>Geduld, Flexibilit\u00e4t und Belastbarkeit<\/li>\n\n\n\n<li>Interesse an der Arbeit mit Kindern<\/li>\n\n\n\n<li>idealerweise p\u00e4dagogische Vorkenntnisse in der Arbeit mit Kindern oder Jugendlichen<\/li>\n\n\n\n<li>Offenheit<\/li>\n\n\n\n<li>Interesse an deutsch-polnischem Austausch<\/li>\n<\/ul>\n\n\n\n<p>Die Besetzung dieser Stelle steht unter dem Vorbehalt der Fortsetzung der F\u00f6rdermittelbewilligung durch den Europ\u00e4ischen Solidarit\u00e4tskorps.<\/p>\n\n\n\n<p>Hast du Lust einen Freiwilligendienst bei Polites in Stettin zu machen?&nbsp;<\/p>\n\n\n\n<p><a href=\"https:\/\/pax-friedensdienste.de\/wordpress_d\/?page_id=15\">Hier<\/a> findest du alle Infos zur Bewerbung.<\/p>\n\n\n\n<p>Wenn du noch mehr \u00fcber das Leben in Polen erfahren m\u00f6chtest, kommst du&nbsp;<a href=\"https:\/\/pax-friedensdienste.de\/wordpress_d\/?p=349\">hier<\/a> zu den Erfahrungsberichten ehemaliger Freiwilligen.&nbsp;<\/p>\n","protected":false},"excerpt":{"rendered":"<p>Gastland&nbsp;&nbsp;&nbsp;&nbsp;&nbsp;&nbsp; Polen T\u00e4tigkeitsfeld&nbsp;&nbsp;&nbsp;&nbsp;&nbsp;&nbsp; Kinder- und Jugendarbeit Landessprache&nbsp;&nbsp;&nbsp;&nbsp;&nbsp;&nbsp; Polnisch f\u00fcr 2025\/26 besetztf\u00fcr 2026\/27 frei In dieser Einsatzstelle unterst\u00fctzt du die Arbeit des Vereins Polites in Stettin (polnisch: Szczecin). Die Einsatzm\u00f6glichkeiten umfassen besonders die Arbeit in den Kinderg\u00e4rten von Polites. In diesen werden Betreuungsm\u00f6glichkeiten f\u00fcr Kinder und Jugendliche angeboten. Dabei kannst du dich je nach deinen Interessen&hellip;<\/p>\n","protected":false},"author":1,"featured_media":0,"parent":0,"menu_order":0,"comment_status":"closed","ping_status":"closed","template":"","meta":{"ngg_post_thumbnail":0,"footnotes":""},"class_list":["post-1449","page","type-page","status-publish","hentry"],"_links":{"self":[{"href":"https:\/\/pax-friedensdienste.de\/wordpress_d\/wp-json\/wp\/v2\/pages\/1449","targetHints":{"allow":["GET"]}}],"collection":[{"href":"https:\/\/pax-friedensdienste.de\/wordpress_d\/wp-json\/wp\/v2\/pages"}],"about":[{"href":"https:\/\/pax-friedensdienste.de\/wordpress_d\/wp-json\/wp\/v2\/types\/page"}],"author":[{"embeddable":true,"href":"https:\/\/pax-friedensdienste.de\/wordpress_d\/wp-json\/wp\/v2\/users\/1"}],"replies":[{"embeddable":true,"href":"https:\/\/pax-friedensdienste.de\/wordpress_d\/wp-json\/wp\/v2\/comments?post=1449"}],"version-history":[{"count":8,"href":"https:\/\/pax-friedensdienste.de\/wordpress_d\/wp-json\/wp\/v2\/pages\/1449\/revisions"}],"predecessor-version":[{"id":1635,"href":"https:\/\/pax-friedensdienste.de\/wordpress_d\/wp-json\/wp\/v2\/pages\/1449\/revisions\/1635"}],"wp:attachment":[{"href":"https:\/\/pax-friedensdienste.de\/wordpress_d\/wp-json\/wp\/v2\/media?parent=1449"}],"curies":[{"name":"wp","href":"https:\/\/api.w.org\/{rel}","templated":true}]}}