{"id":54,"date":"2019-09-13T09:54:31","date_gmt":"2019-09-13T09:54:31","guid":{"rendered":"https:\/\/pax-friedensdienste.de\/wordpress_d\/?page_id=54"},"modified":"2026-02-02T20:48:03","modified_gmt":"2026-02-02T19:48:03","slug":"los-gehts","status":"publish","type":"page","link":"https:\/\/pax-friedensdienste.de\/wordpress_d\/","title":{"rendered":"Los geht\u00b4s!"},"content":{"rendered":"\nngg_shortcode_0_placeholder\n\n\n\n<hr class=\"wp-block-separator has-alpha-channel-opacity\"\/>\n\n\n\n<div class=\"wp-block-media-text alignwide is-stacked-on-mobile has-black-color has-text-color\" style=\"grid-template-columns:40% auto\"><figure class=\"wp-block-media-text__media\"><img loading=\"lazy\" decoding=\"async\" width=\"1024\" height=\"922\" src=\"https:\/\/pax-friedensdienste.de\/wordpress_d\/wp-content\/uploads\/2022\/05\/Gruppenbild-analog-1024x922.jpeg\" alt=\"Unsere Freiwilligen 2022\/2023\" class=\"wp-image-1205 size-full\" srcset=\"https:\/\/pax-friedensdienste.de\/wordpress_d\/wp-content\/uploads\/2022\/05\/Gruppenbild-analog-1024x922.jpeg 1024w, https:\/\/pax-friedensdienste.de\/wordpress_d\/wp-content\/uploads\/2022\/05\/Gruppenbild-analog-300x270.jpeg 300w, https:\/\/pax-friedensdienste.de\/wordpress_d\/wp-content\/uploads\/2022\/05\/Gruppenbild-analog-768x692.jpeg 768w, https:\/\/pax-friedensdienste.de\/wordpress_d\/wp-content\/uploads\/2022\/05\/Gruppenbild-analog.jpeg 1389w\" sizes=\"auto, (max-width: 1024px) 100vw, 1024px\" \/><\/figure><div class=\"wp-block-media-text__content\">\n<p class=\"has-medium-font-size\">Herzlich Willkommen bei pax christi!<\/p>\n\n\n\n<p><a href=\"https:\/\/pax-friedensdienste.de\/wordpress_d\/erfahrungsberichte-2\/\">Hier<\/a> erfahrt ihr alles Aktuelle rund um die Freiwilligen!<\/p>\n\n\n\n<p>Ihr wollt auch einen Freiwilligen Friedensdienst mit uns machen? F\u00fcr den Jahrgang 2025\/2026 suchen wir noch Freiwillige f\u00fcr einige Stellen (siehe Liste unten). Ansonsten k\u00f6nnt ihr euch schon jetzt f\u00fcr das Freiwilligenjahr 2026\/2027 bei uns melden! <mark style=\"background-color:rgba(0, 0, 0, 0)\" class=\"has-inline-color has-vivid-red-color\"><\/mark><\/p>\n\n\n\n<p><a href=\"https:\/\/pax-friedensdienste.de\/wordpress_d\/bewerbung\/\">Hier<\/a> geht&#8217;s direkt zur Bewerbung!<\/p>\n<\/div><\/div>\n\n\n\n<hr class=\"wp-block-separator has-alpha-channel-opacity\"\/>\n\n\n\n<div class=\"wp-block-group\"><div class=\"wp-block-group__inner-container is-layout-constrained wp-block-group-is-layout-constrained\">\n<p>Du m\u00f6chtest nach dem Abitur, deiner Ausbildung oder gar dem Studium noch einmal ein Jahr in der Fremde deinen Horizont erweitern? Dann bieten wir von pax christi dir genau das Richtige!<\/p>\n\n\n\n<p>In einem freiwilligen Friedensdienst bei einer unserer Partnerorganisationen hast du die M\u00f6glichkeit Land, Menschen und Sprache deines Gastlandes kennen zu lernen, dich selbst durch die Arbeit in verschiedenen Bereichen weiterzuentwickeln und dabei auch noch durch deinen Einsatz einen Beitrag f\u00fcr Frieden, Vers\u00f6hnung, Integration und Inklusion zu leisten.<\/p>\n\n\n\n<p>Bei unseren Partnerorganisationen in Polen, Bosnien und Herzegowina, Nordmazedonien, Kosovo, Pal\u00e4stina\/Israel, Ecuador und Costa Rica wartet die Arbeit in sozialen Einrichtungen, Gedenkst\u00e4tten, Bildungseinrichtungen und vielen weiteren Einsatzstellen auf dich! Hier geht&#8217;s zu den <a href=\"https:\/\/pax-friedensdienste.de\/wordpress_d\/blog\/\">Einsatzstellen<\/a>!<\/p>\n<\/div><\/div>\n\n\n\n<h4 class=\"wp-block-heading\"><\/h4>\n\n\n\n<h2>Aktuell suchen wir Freiwillige f\u00fcr&#8230;<\/h2>\n<h3>&#8230;den <strong>Jahrgang 2026\/27<\/strong> in folgenden Projekten:<\/h3>\n<h4 class=\"wp-block-heading\"><strong>Westlicher Balkan<\/strong><\/h4>\n<ul class=\"wp-block-list\">\n<li><a href=\"https:\/\/pax-friedensdienste.de\/wordpress_d\/integra-in-pristina\/\" data-type=\"link\" data-id=\"https:\/\/pax-friedensdienste.de\/wordpress_d\/integra-in-pristina\/\"><strong>Friedens- und Vers\u00f6hnungsarbeit im Kosovo<\/strong><\/a><\/li>\n<\/ul>\n<ul class=\"wp-block-list\">\n<li><a href=\"https:\/\/pax-friedensdienste.de\/wordpress_d\/menschenrechtsfoerderung-im-kosovo\/\"><strong>Menschenrechtsf\u00f6rderung im Kosovo<\/strong><\/a><\/li>\n<\/ul>\n<ul class=\"wp-block-list\">\n<li><a href=\"https:\/\/pax-friedensdienste.de\/wordpress_d\/nadez-und-das-forumzfd-in-skopje\/\" data-type=\"link\" data-id=\"https:\/\/pax-friedensdienste.de\/wordpress_d\/nadez-und-das-forumzfd-in-skopje\/\"><strong>Kinder- und Jugendarbeit in Nordmazedonien<\/strong><\/a><\/li>\n<\/ul>\n<ul class=\"wp-block-list\">\n<li><a href=\"https:\/\/pax-friedensdienste.de\/wordpress_d\/caritas-und-das-forumzfd-in-sarajevo\/\" data-type=\"link\" data-id=\"https:\/\/pax-friedensdienste.de\/wordpress_d\/caritas-und-das-forumzfd-in-sarajevo\/\"><strong>Arbeit mit Gefl\u00fcchteten in Bosnien und Herzegowina<\/strong><\/a><\/li>\n<\/ul>\n<h4 class=\"wp-block-heading\"><strong>Polen<\/strong><\/h4>\n<ul class=\"wp-block-list\">\n<li><a href=\"https:\/\/pax-friedensdienste.de\/wordpress_d\/zentrum-fuer-dialog-und-gebet-in-oswiecim\/\" data-type=\"link\" data-id=\"https:\/\/pax-friedensdienste.de\/wordpress_d\/zentrum-fuer-dialog-und-gebet-in-oswiecim\/\"><strong>Erinnerungs- und Jugendarbeit in O\u015bwi\u0119cim<\/strong><\/a><\/li>\n<\/ul>\n<ul class=\"wp-block-list\">\n<li><a href=\"https:\/\/pax-friedensdienste.de\/wordpress_d\/internationale-jugendbildungsstaette-in-krzyzowa\/\" data-type=\"link\" data-id=\"https:\/\/pax-friedensdienste.de\/wordpress_d\/internationale-jugendbildungsstaette-in-krzyzowa\/\"><strong>Bildungsst\u00e4tte in Kreisau<\/strong><\/a><\/li>\n<\/ul>\n<ul class=\"wp-block-list\">\n<li><a href=\"https:\/\/pax-friedensdienste.de\/wordpress_d\/caritas-in-stettin\/\" data-type=\"link\" data-id=\"https:\/\/pax-friedensdienste.de\/wordpress_d\/caritas-in-stettin\/\"><strong>Kinder- und Jugendarbeit bei der Caritas in Stettin<\/strong><\/a><\/li>\n<\/ul>\n<ul>\n<li><a href=\"https:\/\/pax-friedensdienste.de\/wordpress_d\/polites-in-stettin\/\" data-type=\"link\" data-id=\"https:\/\/pax-friedensdienste.de\/wordpress_d\/polites-in-stettin\/\"><strong>Kinder- und Jugendarbeit bei Polites in Stettin<\/strong><\/a><\/li>\n<\/ul>\n<ul>\n<li style=\"list-style-type: none;\">&nbsp;<\/li>\n<\/ul>\n<div>&nbsp;<\/div>\n\n\n\n<div class=\"wp-block-group\"><div class=\"wp-block-group__inner-container is-layout-constrained wp-block-group-is-layout-constrained\"><\/div><\/div>\n\n\n\n<div class=\"wp-block-group\"><div class=\"wp-block-group__inner-container is-layout-constrained wp-block-group-is-layout-constrained\"><\/div><\/div>\n\n\nngg_shortcode_1_placeholder\n","protected":false},"excerpt":{"rendered":"<p>Herzlich Willkommen bei pax christi! Hier erfahrt ihr alles Aktuelle rund um die Freiwilligen! Ihr wollt auch einen Freiwilligen Friedensdienst mit uns machen? F\u00fcr den Jahrgang 2025\/2026 suchen wir noch Freiwillige f\u00fcr einige Stellen (siehe Liste unten). Ansonsten k\u00f6nnt ihr euch schon jetzt f\u00fcr das Freiwilligenjahr 2026\/2027 bei uns melden! Hier geht&#8217;s direkt zur Bewerbung!&hellip;<\/p>\n","protected":false},"author":1,"featured_media":0,"parent":0,"menu_order":0,"comment_status":"closed","ping_status":"closed","template":"","meta":{"ngg_post_thumbnail":0,"footnotes":""},"class_list":["post-54","page","type-page","status-publish","hentry"],"_links":{"self":[{"href":"https:\/\/pax-friedensdienste.de\/wordpress_d\/wp-json\/wp\/v2\/pages\/54","targetHints":{"allow":["GET"]}}],"collection":[{"href":"https:\/\/pax-friedensdienste.de\/wordpress_d\/wp-json\/wp\/v2\/pages"}],"about":[{"href":"https:\/\/pax-friedensdienste.de\/wordpress_d\/wp-json\/wp\/v2\/types\/page"}],"author":[{"embeddable":true,"href":"https:\/\/pax-friedensdienste.de\/wordpress_d\/wp-json\/wp\/v2\/users\/1"}],"replies":[{"embeddable":true,"href":"https:\/\/pax-friedensdienste.de\/wordpress_d\/wp-json\/wp\/v2\/comments?post=54"}],"version-history":[{"count":67,"href":"https:\/\/pax-friedensdienste.de\/wordpress_d\/wp-json\/wp\/v2\/pages\/54\/revisions"}],"predecessor-version":[{"id":1796,"href":"https:\/\/pax-friedensdienste.de\/wordpress_d\/wp-json\/wp\/v2\/pages\/54\/revisions\/1796"}],"wp:attachment":[{"href":"https:\/\/pax-friedensdienste.de\/wordpress_d\/wp-json\/wp\/v2\/media?parent=54"}],"curies":[{"name":"wp","href":"https:\/\/api.w.org\/{rel}","templated":true}]}}