{"id":76,"date":"2019-09-14T18:08:52","date_gmt":"2019-09-14T17:08:52","guid":{"rendered":"https:\/\/pax-friedensdienste.de\/wordpress_d\/?page_id=76"},"modified":"2025-08-12T08:31:56","modified_gmt":"2025-08-12T07:31:56","slug":"caritas-in-stettin","status":"publish","type":"page","link":"https:\/\/pax-friedensdienste.de\/wordpress_d\/caritas-in-stettin\/","title":{"rendered":"Caritas in Stettin"},"content":{"rendered":"ngg_shortcode_0_placeholder\n<table style=\"border-style: solid; border-color: #000000; width: 100%;\">\n<tbody>\n<tr>\n<td style=\"width: 24.6429%;\" width=\"151\"><strong>Gastland<\/strong><\/p>\n<p>Polen<\/td>\n<td style=\"width: 24.6429%;\" width=\"151\"><strong>T\u00e4tigkeitsfeld<\/strong><\/p>\n<p>Kinder- und Jugendarbeit<\/td>\n<td style=\"width: 24.6429%;\" width=\"151\"><strong>Landessprache<\/strong><\/p>\n<p>Polnisch<\/td>\n<td style=\"width: 24.6429%;\" width=\"151\"><span style=\"color: #ff0000;\"><strong><span style=\"background-color: #ffffff;\">f\u00fcr 2025\/26 besetzt<\/span><\/strong><\/span>&nbsp;<\/p>\n<p><span style=\"color: #00ff00;\"><strong><span style=\"background-color: #ffffff;\">f\u00fcr 2026\/27 frei<\/span><\/strong><\/span><\/td>\n<\/tr>\n<\/tbody>\n<\/table>\n<p>&nbsp;<\/p>\n<p class=\"teaser\">In dieser Einsatzstelle unterst\u00fctzt du die Arbeit der Caritas in Stettin (polnisch: Szczecin).<\/p>\n<div>Die Einsatzm\u00f6glichkeiten umfassen besonders die Arbeit in der Nachmittagsbetreuung der Caritas. In diesen sog. Swietlicas werden von ca. 12:30-17:30 Uhr Betreuungsangebote f\u00fcr Kinder und Jugendliche angeboten werden. Dabei kannst du dich je nach deinen Interessen und F\u00e4higkeiten einbringen. M\u00f6glichkeiten gibt es genug: Spazierg\u00e4nge, Ausfl\u00fcge, Sprachspiele, Computerkurse, Basteln und Handwerkliches, Kochen \u2013 was immer dir besonders liegt.<\/div>\n<div>Zus\u00e4tzlich kannst du bei Bedarf und nach Absprache verschiedene andere Projekte der Caritas kennenlernen und bei der Umsetzung behilflich sein. Das k\u00f6nnen zum Beispiel Englischkurse im Seniorenheim oder die Arbeit im Kindergarten sein. Dabei unterst\u00fctzt du das hauptamtliche Personal sowie polnische ehrenamtliche Kr\u00e4fte.<\/div>\n<div>Aufgrund seiner Grenzlage zu Deutschland bieten sich in Stettin eventuell auch M\u00f6glichkeiten f\u00fcr grenz\u00fcberschreitende Projekte und Ausfl\u00fcge an.<\/div>\n<div>M\u00f6chtest du mehr \u00fcber unsere Partner in Stettin erfahren, dann schaue dich auf ihrer <a href=\"https:\/\/szczecin.caritas.pl\">Homepage<\/a> oder ihrem <a href=\"https:\/\/www.facebook.com\/caritas.ask\">facebook-Account<\/a> um.<\/div>\n<div>\n<h2>Die Region<\/h2>\n<div>Stettin ist mit etwa 400.000 Einwohnern eine gro\u00dfe Studentenstadt in Polen, die Hauptstadt der Woiwodschaft Westpommern und liegt an der Oder. Im Zweiten Weltkrieg erlitt die Altstadt erhebliche Zerst\u00f6rungen und wurde zum Teil danach wiederaufgebaut. Heute ist sie eine pulsierende Stadt, die vielf\u00e4ltige Freizeitm\u00f6glichkeiten anbietet. Stettin liegt in der N\u00e4he der Ostsee und bietet in der Umgebung sch\u00f6ne Natur und interessante Landschaften.<\/div>\n<\/div>\n<div>&nbsp;<\/div>\n<div>\n<h2>Du solltest mitbringen<\/h2>\n<div>\n<ul>\n<li>Interesse an einer sozialen T\u00e4tigkeit<\/li>\n<li>Eigeninitiative und kreative Ideen<\/li>\n<li>Geduld, Flexibilit\u00e4t und Belastbarkeit<\/li>\n<li>Lust auf die Arbeit mit unterschiedlichen Zielgruppen, besonders Schulkindern und Jugendlichen,<\/li>\n<li>idealerweise p\u00e4dagogische Vorkenntnisse in der Arbeit mit Kindern oder Jugendlichen<\/li>\n<li>Offenheit f\u00fcr die Problemlagen der Betreuten<\/li>\n<li>Interesse an deutsch-polnischer Geschichte<\/li>\n<\/ul>\n<\/div>\n<div>&nbsp;<\/div>\n<div>Die Besetzung dieser Stelle steht unter dem Vorbehalt der Fortsetzung der F\u00f6rdermittelbewilligung durch den Europ\u00e4ischen Solidarit\u00e4tskorps.<\/div>\n<\/div>\n<div>&nbsp;<\/div>\n<div>Hast du Lust einen Freiwilligendienst bei der Caritas in Stettin zu machen?&nbsp;<\/div>\n<div><a href=\"https:\/\/pax-friedensdienste.de\/wordpress_d\/?page_id=15\">Hier<\/a> findest du alle Infos zur Bewerbung.<\/div>\n<div>&nbsp;<\/div>\n<div>Wenn du noch mehr \u00fcber das Leben in Polen erfahren m\u00f6chtest, kommst du&nbsp;<a href=\"https:\/\/pax-friedensdienste.de\/wordpress_d\/?p=349\">hier<\/a> zu den Erfahrungsberichten ehemaliger Freiwilligen.&nbsp;<\/div>\n<div>&nbsp;<\/div>\n<div>&nbsp;<\/div>\n<div>\n<div>&nbsp;<\/div>\n<\/div>\n","protected":false},"excerpt":{"rendered":"<p>Gastland Polen T\u00e4tigkeitsfeld Kinder- und Jugendarbeit Landessprache Polnisch f\u00fcr 2025\/26 besetzt&nbsp; f\u00fcr 2026\/27 frei &nbsp; In dieser Einsatzstelle unterst\u00fctzt du die Arbeit der Caritas in Stettin (polnisch: Szczecin). Die Einsatzm\u00f6glichkeiten umfassen besonders die Arbeit in der Nachmittagsbetreuung der Caritas. In diesen sog. Swietlicas werden von ca. 12:30-17:30 Uhr Betreuungsangebote f\u00fcr Kinder und Jugendliche angeboten werden.&hellip;<\/p>\n","protected":false},"author":1,"featured_media":0,"parent":0,"menu_order":0,"comment_status":"closed","ping_status":"closed","template":"","meta":{"ngg_post_thumbnail":0,"footnotes":""},"class_list":["post-76","page","type-page","status-publish","hentry"],"_links":{"self":[{"href":"https:\/\/pax-friedensdienste.de\/wordpress_d\/wp-json\/wp\/v2\/pages\/76","targetHints":{"allow":["GET"]}}],"collection":[{"href":"https:\/\/pax-friedensdienste.de\/wordpress_d\/wp-json\/wp\/v2\/pages"}],"about":[{"href":"https:\/\/pax-friedensdienste.de\/wordpress_d\/wp-json\/wp\/v2\/types\/page"}],"author":[{"embeddable":true,"href":"https:\/\/pax-friedensdienste.de\/wordpress_d\/wp-json\/wp\/v2\/users\/1"}],"replies":[{"embeddable":true,"href":"https:\/\/pax-friedensdienste.de\/wordpress_d\/wp-json\/wp\/v2\/comments?post=76"}],"version-history":[{"count":29,"href":"https:\/\/pax-friedensdienste.de\/wordpress_d\/wp-json\/wp\/v2\/pages\/76\/revisions"}],"predecessor-version":[{"id":1633,"href":"https:\/\/pax-friedensdienste.de\/wordpress_d\/wp-json\/wp\/v2\/pages\/76\/revisions\/1633"}],"wp:attachment":[{"href":"https:\/\/pax-friedensdienste.de\/wordpress_d\/wp-json\/wp\/v2\/media?parent=76"}],"curies":[{"name":"wp","href":"https:\/\/api.w.org\/{rel}","templated":true}]}}